66.249.66.37 - - [15/Apr/2026:20:33:49 +0530] "GET /index.php?en/products/14328327/ HTTP/1.1" 200 423 "-" "Mozilla/5.0 (Linux; Android 6.0.1; Nexus 5X Build/MMB29P) AppleWebKit/537.36 (KHTML, like Gecko) Chrome/146.0.7680.177 Mobile Safari/537.36 (compatible; Googlebot/2.1; +http://www.google.com/bot.html)"
66.249.66.163 - - [15/Apr/2026:20:34:08 +0530] "GET /index.php?en/products/6452394/ HTTP/1.1" 200 423 "-" "Mozilla/5.0 (Linux; Android 6.0.1; Nexus 5X Build/MMB29P) AppleWebKit/537.36 (KHTML, like Gecko) Chrome/146.0.7680.177 Mobile Safari/537.36 (compatible; Googlebot/2.1; +http://www.google.com/bot.html)"
189.169.113.64 - - [15/Apr/2026:20:34:42 +0530] "GET /en/products/23479183/ HTTP/1.1" 200 423 "-" "Mozilla/5.0 (Macintosh; Intel Mac OS X 13.5; rv:132.0) Gecko/20100101 Firefox/132.0"
66.249.66.163 - - [15/Apr/2026:20:34:46 +0530] "GET /index.php?en/products/14633116/ HTTP/1.1" 200 423 "-" "Mozilla/5.0 (Linux; Android 6.0.1; Nexus 5X Build/MMB29P) AppleWebKit/537.36 (KHTML, like Gecko) Chrome/146.0.7680.177 Mobile Safari/537.36 (compatible; Googlebot/2.1; +http://www.google.com/bot.html)"
66.249.66.14 - - [15/Apr/2026:20:34:46 +0530] "GET /index.php?en/products/10623261/ HTTP/1.1" 200 423 "-" "Mozilla/5.0 (Linux; Android 6.0.1; Nexus 5X Build/MMB29P) AppleWebKit/537.36 (KHTML, like Gecko) Chrome/146.0.7680.177 Mobile Safari/537.36 (compatible; Googlebot/2.1; +http://www.google.com/bot.html)"
66.249.66.37 - - [15/Apr/2026:20:35:22 +0530] "GET /index.php?en/products/14322705/ HTTP/1.1" 200 423 "-" "Mozilla/5.0 (Linux; Android 6.0.1; Nexus 5X Build/MMB29P) AppleWebKit/537.36 (KHTML, like Gecko) Chrome/146.0.7680.177 Mobile Safari/537.36 (compatible; Googlebot/2.1; +http://www.google.com/bot.html)"
66.249.66.38 - - [15/Apr/2026:20:35:41 +0530] "GET /index.php?en/products/9572949/ HTTP/1.1" 200 423 "-" "Mozilla/5.0 (Linux; Android 6.0.1; Nexus 5X Build/MMB29P) AppleWebKit/537.36 (KHTML, like Gecko) Chrome/146.0.7680.177 Mobile Safari/537.36 (compatible; Googlebot/2.1; +http://www.google.com/bot.html)"
66.249.66.77 - - [15/Apr/2026:20:36:00 +0530] "GET /index.php?en/products/15605350/ HTTP/1.1" 200 423 "-" "Mozilla/5.0 (Linux; Android 6.0.1; Nexus 5X Build/MMB29P) AppleWebKit/537.36 (KHTML, like Gecko) Chrome/146.0.7680.177 Mobile Safari/537.36 (compatible; Googlebot/2.1; +http://www.google.com/bot.html)"
66.249.66.14 - - [15/Apr/2026:20:36:19 +0530] "GET /index.php?en/products/7912105/ HTTP/1.1" 200 423 "-" "Mozilla/5.0 (Linux; Android 6.0.1; Nexus 5X Build/MMB29P) AppleWebKit/537.36 (KHTML, like Gecko) Chrome/146.0.7680.177 Mobile Safari/537.36 (compatible; Googlebot/2.1; +http://www.google.com/bot.html)"
66.249.66.14 - - [15/Apr/2026:20:36:57 +0530] "GET /index.php?en/products/7801261/ HTTP/1.1" 200 423 "-" "Mozilla/5.0 (Linux; Android 6.0.1; Nexus 5X Build/MMB29P) AppleWebKit/537.36 (KHTML, like Gecko) Chrome/146.0.7680.177 Mobile Safari/537.36 (compatible; Googlebot/2.1; +http://www.google.com/bot.html)"
66.249.66.14 - - [15/Apr/2026:20:37:16 +0530] "GET /index.php?en/products/15937527/ HTTP/1.1" 200 423 "-" "Mozilla/5.0 (Linux; Android 6.0.1; Nexus 5X Build/MMB29P) AppleWebKit/537.36 (KHTML, like Gecko) Chrome/146.0.7680.177 Mobile Safari/537.36 (compatible; Googlebot/2.1; +http://www.google.com/bot.html)"
66.249.66.39 - - [15/Apr/2026:20:37:16 +0530] "GET /index.php?en/products/23308127/ HTTP/1.1" 200 423 "-" "Mozilla/5.0 (Linux; Android 6.0.1; Nexus 5X Build/MMB29P) AppleWebKit/537.36 (KHTML, like Gecko) Chrome/146.0.7680.177 Mobile Safari/537.36 (compatible; Googlebot/2.1; +http://www.google.com/bot.html)"
66.249.66.37 - - [15/Apr/2026:20:37:35 +0530] "GET /index.php?en/products/12354905/ HTTP/1.1" 200 423 "-" "Mozilla/5.0 (Linux; Android 6.0.1; Nexus 5X Build/MMB29P) AppleWebKit/537.36 (KHTML, like Gecko) Chrome/146.0.7680.177 Mobile Safari/537.36 (compatible; Googlebot/2.1; +http://www.google.com/bot.html)"
66.249.66.201 - - [15/Apr/2026:20:38:11 +0530] "GET /index.php?en/products/8379005/ HTTP/1.1" 200 423 "-" "Mozilla/5.0 (Linux; Android 6.0.1; Nexus 5X Build/MMB29P) AppleWebKit/537.36 (KHTML, like Gecko) Chrome/146.0.7680.177 Mobile Safari/537.36 (compatible; Googlebot/2.1; +http://www.google.com/bot.html)"
66.249.66.37 - - [15/Apr/2026:20:38:31 +0530] "GET /index.php?en/products/8827338/ HTTP/1.1" 200 423 "-" "Mozilla/5.0 (Linux; Android 6.0.1; Nexus 5X Build/MMB29P) AppleWebKit/537.36 (KHTML, like Gecko) Chrome/146.0.7680.177 Mobile Safari/537.36 (compatible; Googlebot/2.1; +http://www.google.com/bot.html)"
66.249.66.14 - - [15/Apr/2026:20:38:54 +0530] "GET /index.php?en/products/12130272/ HTTP/1.1" 200 423 "-" "Mozilla/5.0 (Linux; Android 6.0.1; Nexus 5X Build/MMB29P) AppleWebKit/537.36 (KHTML, like Gecko) Chrome/146.0.7680.177 Mobile Safari/537.36 (compatible; Googlebot/2.1; +http://www.google.com/bot.html)"
66.249.66.39 - - [15/Apr/2026:20:39:34 +0530] "GET /index.php?en/products/15933672/ HTTP/1.1" 200 423 "-" "Mozilla/5.0 (Linux; Android 6.0.1; Nexus 5X Build/MMB29P) AppleWebKit/537.36 (KHTML, like Gecko) Chrome/146.0.7680.177 Mobile Safari/537.36 (compatible; Googlebot/2.1; +http://www.google.com/bot.html)"
66.249.66.200 - - [15/Apr/2026:20:39:53 +0530] "GET /index.php?en/products/18828827/ HTTP/1.1" 200 423 "-" "Mozilla/5.0 (Linux; Android 6.0.1; Nexus 5X Build/MMB29P) AppleWebKit/537.36 (KHTML, like Gecko) Chrome/146.0.7680.177 Mobile Safari/537.36 (compatible; Googlebot/2.1; +http://www.google.com/bot.html)"
66.249.66.200 - - [15/Apr/2026:20:40:31 +0530] "GET /index.php?en/products/19762383/ HTTP/1.1" 200 423 "-" "Mozilla/5.0 (Linux; Android 6.0.1; Nexus 5X Build/MMB29P) AppleWebKit/537.36 (KHTML, like Gecko) Chrome/146.0.7680.177 Mobile Safari/537.36 (compatible; Googlebot/2.1; +http://www.google.com/bot.html)"
66.249.66.14 - - [15/Apr/2026:20:40:31 +0530] "GET /en/products/22183061/ HTTP/1.1" 200 423 "-" "Mozilla/5.0 (Linux; Android 6.0.1; Nexus 5X Build/MMB29P) AppleWebKit/537.36 (KHTML, like Gecko) Chrome/146.0.7680.177 Mobile Safari/537.36 (compatible; Googlebot/2.1; +http://www.google.com/bot.html)"
66.249.66.37 - - [15/Apr/2026:20:40:35 +0530] "GET /index.php?en/products/14260038/ HTTP/1.1" 200 423 "-" "Mozilla/5.0 (Linux; Android 6.0.1; Nexus 5X Build/MMB29P) AppleWebKit/537.36 (KHTML, like Gecko) Chrome/146.0.7680.177 Mobile Safari/537.36 (compatible; Googlebot/2.1; +http://www.google.com/bot.html)"
66.249.66.38 - - [15/Apr/2026:20:40:36 +0530] "GET /products/6189149/ HTTP/1.1" 200 423 "-" "Mozilla/5.0 (Linux; Android 6.0.1; Nexus 5X Build/MMB29P) AppleWebKit/537.36 (KHTML, like Gecko) Chrome/146.0.7680.177 Mobile Safari/537.36 (compatible; Googlebot/2.1; +http://www.google.com/bot.html)"
66.249.66.14 - - [15/Apr/2026:20:40:54 +0530] "GET /index.php?en/products/12112249/ HTTP/1.1" 200 423 "-" "Mozilla/5.0 (Linux; Android 6.0.1; Nexus 5X Build/MMB29P) AppleWebKit/537.36 (KHTML, like Gecko) Chrome/146.0.7680.177 Mobile Safari/537.36 (compatible; Googlebot/2.1; +http://www.google.com/bot.html)"
66.249.66.77 - - [15/Apr/2026:20:41:13 +0530] "GET /index.php?en/products/14579949/ HTTP/1.1" 200 423 "-" "Mozilla/5.0 (Linux; Android 6.0.1; Nexus 5X Build/MMB29P) AppleWebKit/537.36 (KHTML, like Gecko) Chrome/146.0.7680.177 Mobile Safari/537.36 (compatible; Googlebot/2.1; +http://www.google.com/bot.html)"
66.249.66.1 - - [15/Apr/2026:20:41:13 +0530] "GET /index.php?en/products/14790649/ HTTP/1.1" 200 423 "-" "Mozilla/5.0 (Linux; Android 6.0.1; Nexus 5X Build/MMB29P) AppleWebKit/537.36 (KHTML, like Gecko) Chrome/146.0.7680.177 Mobile Safari/537.36 (compatible; Googlebot/2.1; +http://www.google.com/bot.html)"
95.129.101.144 - - [15/Apr/2026:20:41:31 +0530] "GET /en/products/3155272/ HTTP/1.1" 200 423 "-" "Mozilla/5.0 (compatible; SpiderLing; +https://nlp.fi.muni.cz/projects/biwec/)"
66.249.66.200 - - [15/Apr/2026:20:41:32 +0530] "GET /index.php?en/products/15323472/ HTTP/1.1" 200 423 "-" "Mozilla/5.0 (Linux; Android 6.0.1; Nexus 5X Build/MMB29P) AppleWebKit/537.36 (KHTML, like Gecko) Chrome/146.0.7680.177 Mobile Safari/537.36 (compatible; Googlebot/2.1; +http://www.google.com/bot.html)"
66.249.66.37 - - [15/Apr/2026:20:42:18 +0530] "GET /index.php?en/products/15466216/ HTTP/1.1" 200 423 "-" "Mozilla/5.0 (Linux; Android 6.0.1; Nexus 5X Build/MMB29P) AppleWebKit/537.36 (KHTML, like Gecko) Chrome/146.0.7680.177 Mobile Safari/537.36 (compatible; Googlebot/2.1; +http://www.google.com/bot.html)"
66.249.66.163 - - [15/Apr/2026:20:42:37 +0530] "GET /index.php?en/products/7744716/ HTTP/1.1" 200 423 "-" "Mozilla/5.0 (Linux; Android 6.0.1; Nexus 5X Build/MMB29P) AppleWebKit/537.36 (KHTML, like Gecko) Chrome/146.0.7680.177 Mobile Safari/537.36 (compatible; Googlebot/2.1; +http://www.google.com/bot.html)"
66.249.66.164 - - [15/Apr/2026:20:42:37 +0530] "GET /index.php?en/products/16229305/ HTTP/1.1" 200 423 "-" "Mozilla/5.0 (Linux; Android 6.0.1; Nexus 5X Build/MMB29P) AppleWebKit/537.36 (KHTML, like Gecko) Chrome/146.0.7680.177 Mobile Safari/537.36 (compatible; Googlebot/2.1; +http://www.google.com/bot.html)"
66.249.66.14 - - [15/Apr/2026:20:42:56 +0530] "GET /index.php?en/products/18251305/ HTTP/1.1" 200 423 "-" "Mozilla/5.0 (Linux; Android 6.0.1; Nexus 5X Build/MMB29P) AppleWebKit/537.36 (KHTML, like Gecko) Chrome/146.0.7680.177 Mobile Safari/537.36 (compatible; Googlebot/2.1; +http://www.google.com/bot.html)"
66.249.66.14 - - [15/Apr/2026:20:44:52 +0530] "GET /en/products/3445105/ HTTP/1.1" 200 423 "-" "Mozilla/5.0 (Linux; Android 6.0.1; Nexus 5X Build/MMB29P) AppleWebKit/537.36 (KHTML, like Gecko) Chrome/146.0.7680.177 Mobile Safari/537.36 (compatible; Googlebot/2.1; +http://www.google.com/bot.html)"
189.218.28.218 - - [15/Apr/2026:20:46:41 +0530] "GET /en/products/23574738/ HTTP/1.1" 200 423 "-" "Mozilla/5.0 (Macintosh; U; PPC Mac OS X; en-us) AppleWebKit/125.2 (KHTML, like Gecko) Safari/125.7"
66.249.66.39 - - [15/Apr/2026:20:52:07 +0530] "GET /en/products/18238994/ HTTP/1.1" 200 423 "-" "Mozilla/5.0 (Linux; Android 6.0.1; Nexus 5X Build/MMB29P) AppleWebKit/537.36 (KHTML, like Gecko) Chrome/146.0.7680.177 Mobile Safari/537.36 (compatible; Googlebot/2.1; +http://www.google.com/bot.html)"
66.249.66.199 - - [15/Apr/2026:20:58:28 +0530] "GET /en/products/2865627/ HTTP/1.1" 200 423 "-" "Mozilla/5.0 (Linux; Android 6.0.1; Nexus 5X Build/MMB29P) AppleWebKit/537.36 (KHTML, like Gecko) Chrome/146.0.7680.177 Mobile Safari/537.36 (compatible; Googlebot/2.1; +http://www.google.com/bot.html)"
14.179.95.124 - - [15/Apr/2026:20:58:41 +0530] "GET /en/products/23808738/ HTTP/1.1" 200 423 "-" "Mozilla/5.0 (Macintosh; Intel Mac OS X 10_15_7) AppleWebKit/537.36 (KHTML, like Gecko) Chrome/124.0.6367.82 Safari/537.36"
66.249.66.163 - - [15/Apr/2026:21:01:29 +0530] "GET /index.php?en/products/8302061/ HTTP/1.1" 200 423 "-" "Mozilla/5.0 (Linux; Android 6.0.1; Nexus 5X Build/MMB29P) AppleWebKit/537.36 (KHTML, like Gecko) Chrome/146.0.7680.177 Mobile Safari/537.36 (compatible; Googlebot/2.1; +http://www.google.com/bot.html)"
66.249.66.165 - - [15/Apr/2026:21:02:44 +0530] "GET /index.php?en/products/13481394/ HTTP/1.1" 200 423 "-" "Mozilla/5.0 (Linux; Android 6.0.1; Nexus 5X Build/MMB29P) AppleWebKit/537.36 (KHTML, like Gecko) Chrome/146.0.7680.177 Mobile Safari/537.36 (compatible; Googlebot/2.1; +http://www.google.com/bot.html)"
107.150.52.58 - - [15/Apr/2026:21:05:16 +0530] "GET /wp-includes/imc84a5d/edit.php HTTP/1.1" 200 - "https://itsweb.in/wp-includes/imc84a5d/edit.php" "Mozilla/5.0 (Windows NT 10.0; Win64; x64) AppleWebKit/537.36 (KHTML, like Gecko) Chrome/58.0.3029.110 Safari/537.3"
66.249.66.15 - - [15/Apr/2026:21:05:50 +0530] "GET /en/products/12192772/ HTTP/1.1" 200 423 "-" "Mozilla/5.0 (Linux; Android 6.0.1; Nexus 5X Build/MMB29P) AppleWebKit/537.36 (KHTML, like Gecko) Chrome/146.0.7680.177 Mobile Safari/537.36 (compatible; Googlebot/2.1; +http://www.google.com/bot.html)"
66.249.66.164 - - [15/Apr/2026:21:06:01 +0530] "GET /index.php?en/products/20955616/ HTTP/1.1" 200 423 "-" "Mozilla/5.0 (Linux; Android 6.0.1; Nexus 5X Build/MMB29P) AppleWebKit/537.36 (KHTML, like Gecko) Chrome/146.0.7680.177 Mobile Safari/537.36 (compatible; Googlebot/2.1; +http://www.google.com/bot.html)"
216.73.216.145 - - [15/Apr/2026:21:08:32 +0530] "GET / HTTP/1.1" 200 423 "-" "Mozilla/5.0 AppleWebKit/537.36 (KHTML, like Gecko; compatible; ClaudeBot/1.0; +claudebot@anthropic.com)"
66.249.66.201 - - [15/Apr/2026:21:08:33 +0530] "GET /en/products/12673905/ HTTP/1.1" 200 423 "-" "Mozilla/5.0 (Linux; Android 6.0.1; Nexus 5X Build/MMB29P) AppleWebKit/537.36 (KHTML, like Gecko) Chrome/146.0.7680.177 Mobile Safari/537.36 (compatible; Googlebot/2.1; +http://www.google.com/bot.html)"
66.249.66.64 - - [15/Apr/2026:21:08:33 +0530] "GET /en/products/23238816/ HTTP/1.1" 200 423 "-" "Mozilla/5.0 (Linux; Android 6.0.1; Nexus 5X Build/MMB29P) AppleWebKit/537.36 (KHTML, like Gecko) Chrome/146.0.7680.177 Mobile Safari/537.36 (compatible; Googlebot/2.1; +http://www.google.com/bot.html)"
66.249.66.64 - - [15/Apr/2026:21:08:33 +0530] "GET /index.php?en/products/12600216/ HTTP/1.1" 200 423 "-" "Mozilla/5.0 (Linux; Android 6.0.1; Nexus 5X Build/MMB29P) AppleWebKit/537.36 (KHTML, like Gecko) Chrome/146.0.7680.177 Mobile Safari/537.36 (compatible; Googlebot/2.1; +http://www.google.com/bot.html)"
66.249.66.165 - - [15/Apr/2026:21:10:34 +0530] "GET /index.php?en/products/17627705/ HTTP/1.1" 200 423 "-" "Mozilla/5.0 (Linux; Android 6.0.1; Nexus 5X Build/MMB29P) AppleWebKit/537.36 (KHTML, like Gecko) Chrome/146.0.7680.177 Mobile Safari/537.36 (compatible; Googlebot/2.1; +http://www.google.com/bot.html)"
89.86.216.137 - - [15/Apr/2026:21:10:41 +0530] "GET /en/products/24672583/ HTTP/1.1" 200 423 "-" "Mozilla/5.0 (Macintosh; Intel Mac OS X 11.7; rv:136.0) Gecko/20100101 Firefox/136.0"
66.249.66.200 - - [15/Apr/2026:21:11:16 +0530] "GET /en/products/4719738/ HTTP/1.1" 200 423 "-" "Mozilla/5.0 (Linux; Android 6.0.1; Nexus 5X Build/MMB29P) AppleWebKit/537.36 (KHTML, like Gecko) Chrome/146.0.7680.177 Mobile Safari/537.36 (compatible; Googlebot/2.1; +http://www.google.com/bot.html)"
66.249.66.163 - - [15/Apr/2026:21:11:17 +0530] "GET /index.php?en/products/13033550/ HTTP/1.1" 200 423 "-" "Mozilla/5.0 (Linux; Android 6.0.1; Nexus 5X Build/MMB29P) AppleWebKit/537.36 (KHTML, like Gecko) Chrome/146.0.7680.177 Mobile Safari/537.36 (compatible; Googlebot/2.1; +http://www.google.com/bot.html)"
66.249.66.200 - - [15/Apr/2026:21:22:34 +0530] "GET /en/products/24357950/ HTTP/1.1" 200 423 "-" "Mozilla/5.0 (Linux; Android 6.0.1; Nexus 5X Build/MMB29P) AppleWebKit/537.36 (KHTML, like Gecko) Chrome/146.0.7680.177 Mobile Safari/537.36 (compatible; Googlebot/2.1; +http://www.google.com/bot.html)"
66.249.66.15 - - [15/Apr/2026:21:22:53 +0530] "GET /en/products/10607605/ HTTP/1.1" 200 423 "-" "Mozilla/5.0 (Linux; Android 6.0.1; Nexus 5X Build/MMB29P) AppleWebKit/537.36 (KHTML, like Gecko) Chrome/146.0.7680.177 Mobile Safari/537.36 (compatible; Googlebot/2.1; +http://www.google.com/bot.html)"
66.249.66.1 - - [15/Apr/2026:21:23:34 +0530] "GET /en/products/12199105/ HTTP/1.1" 200 423 "-" "Mozilla/5.0 (Linux; Android 6.0.1; Nexus 5X Build/MMB29P) AppleWebKit/537.36 (KHTML, like Gecko) Chrome/146.0.7680.177 Mobile Safari/537.36 (compatible; Googlebot/2.1; +http://www.google.com/bot.html)"
198.98.50.128 - - [15/Apr/2026:21:25:36 +0530] "GET /wp-login.php HTTP/1.1" 200 423 "-" "Mozilla/5.0 (Windows NT 10.0; Win64; x64) AppleWebKit/537.36"
66.249.66.163 - - [15/Apr/2026:21:26:24 +0530] "GET /index.php?en/products/23517105/ HTTP/1.1" 200 423 "-" "Mozilla/5.0 (Linux; Android 6.0.1; Nexus 5X Build/MMB29P) AppleWebKit/537.36 (KHTML, like Gecko) Chrome/146.0.7680.177 Mobile Safari/537.36 (compatible; Googlebot/2.1; +http://www.google.com/bot.html)"
66.249.66.37 - - [15/Apr/2026:21:32:07 +0530] "GET /en/products/20556761/ HTTP/1.1" 200 423 "-" "Mozilla/5.0 (Linux; Android 6.0.1; Nexus 5X Build/MMB29P) AppleWebKit/537.36 (KHTML, like Gecko) Chrome/146.0.7680.177 Mobile Safari/537.36 (compatible; Googlebot/2.1; +http://www.google.com/bot.html)"
95.129.101.144 - - [15/Apr/2026:21:34:54 +0530] "GET /en/products/3157227/ HTTP/1.1" 200 423 "-" "Mozilla/5.0 (compatible; SpiderLing; +https://nlp.fi.muni.cz/projects/biwec/)"
66.249.66.163 - - [15/Apr/2026:21:37:27 +0530] "GET /index.php?en/products/16247961/ HTTP/1.1" 200 423 "-" "Mozilla/5.0 (Linux; Android 6.0.1; Nexus 5X Build/MMB29P) AppleWebKit/537.36 (KHTML, like Gecko) Chrome/146.0.7680.177 Mobile Safari/537.36 (compatible; Googlebot/2.1; +http://www.google.com/bot.html)"
66.249.66.77 - - [15/Apr/2026:21:38:24 +0530] "GET /en/products/9871138/ HTTP/1.1" 200 423 "-" "Mozilla/5.0 (Linux; Android 6.0.1; Nexus 5X Build/MMB29P) AppleWebKit/537.36 (KHTML, like Gecko) Chrome/146.0.7680.177 Mobile Safari/537.36 (compatible; Googlebot/2.1; +http://www.google.com/bot.html)"
66.249.66.77 - - [15/Apr/2026:21:38:25 +0530] "GET /en/products/14729161/ HTTP/1.1" 200 423 "-" "Mozilla/5.0 (Linux; Android 6.0.1; Nexus 5X Build/MMB29P) AppleWebKit/537.36 (KHTML, like Gecko) Chrome/146.0.7680.177 Mobile Safari/537.36 (compatible; Googlebot/2.1; +http://www.google.com/bot.html)"
66.249.66.163 - - [15/Apr/2026:21:38:45 +0530] "GET /en/products/24142338/ HTTP/1.1" 200 423 "-" "Mozilla/5.0 (Linux; Android 6.0.1; Nexus 5X Build/MMB29P) AppleWebKit/537.36 (KHTML, like Gecko) Chrome/146.0.7680.177 Mobile Safari/537.36 (compatible; Googlebot/2.1; +http://www.google.com/bot.html)"
66.249.66.164 - - [15/Apr/2026:21:40:20 +0530] "GET /en/products/9113594/ HTTP/1.1" 200 423 "-" "Mozilla/5.0 (Linux; Android 6.0.1; Nexus 5X Build/MMB29P) AppleWebKit/537.36 (KHTML, like Gecko) Chrome/146.0.7680.177 Mobile Safari/537.36 (compatible; Googlebot/2.1; +http://www.google.com/bot.html)"
66.249.66.15 - - [15/Apr/2026:21:40:46 +0530] "GET /index.php?en/products/24630561/ HTTP/1.1" 200 423 "-" "Mozilla/5.0 (Linux; Android 6.0.1; Nexus 5X Build/MMB29P) AppleWebKit/537.36 (KHTML, like Gecko) Chrome/146.0.7680.177 Mobile Safari/537.36 (compatible; Googlebot/2.1; +http://www.google.com/bot.html)"
66.249.66.14 - - [15/Apr/2026:21:41:07 +0530] "GET /index.php?en/products/15155550/ HTTP/1.1" 200 423 "-" "Mozilla/5.0 (Linux; Android 6.0.1; Nexus 5X Build/MMB29P) AppleWebKit/537.36 (KHTML, like Gecko) Chrome/146.0.7680.177 Mobile Safari/537.36 (compatible; Googlebot/2.1; +http://www.google.com/bot.html)"
66.249.66.37 - - [15/Apr/2026:21:41:26 +0530] "GET /products/5717861/ HTTP/1.1" 200 423 "-" "Mozilla/5.0 (Linux; Android 6.0.1; Nexus 5X Build/MMB29P) AppleWebKit/537.36 (KHTML, like Gecko) Chrome/146.0.7680.177 Mobile Safari/537.36 (compatible; Googlebot/2.1; +http://www.google.com/bot.html)"
66.249.66.77 - - [15/Apr/2026:21:41:26 +0530] "GET /index.php?en/products/9694172/ HTTP/1.1" 200 423 "-" "Mozilla/5.0 (Linux; Android 6.0.1; Nexus 5X Build/MMB29P) AppleWebKit/537.36 (KHTML, like Gecko) Chrome/146.0.7680.177 Mobile Safari/537.36 (compatible; Googlebot/2.1; +http://www.google.com/bot.html)"
66.249.66.163 - - [15/Apr/2026:21:41:45 +0530] "GET /index.php?en/products/14484294/ HTTP/1.1" 200 423 "-" "Mozilla/5.0 (Linux; Android 6.0.1; Nexus 5X Build/MMB29P) AppleWebKit/537.36 (KHTML, like Gecko) Chrome/146.0.7680.177 Mobile Safari/537.36 (compatible; Googlebot/2.1; +http://www.google.com/bot.html)"
66.249.66.78 - - [15/Apr/2026:21:46:55 +0530] "GET /index.php?en/products/18248472/ HTTP/1.1" 200 423 "-" "Mozilla/5.0 (Linux; Android 6.0.1; Nexus 5X Build/MMB29P) AppleWebKit/537.36 (KHTML, like Gecko) Chrome/146.0.7680.177 Mobile Safari/537.36 (compatible; Googlebot/2.1; +http://www.google.com/bot.html)"
66.249.66.163 - - [15/Apr/2026:21:49:27 +0530] "GET /en/products/6320316/ HTTP/1.1" 200 423 "-" "Mozilla/5.0 (Linux; Android 6.0.1; Nexus 5X Build/MMB29P) AppleWebKit/537.36 (KHTML, like Gecko) Chrome/146.0.7680.177 Mobile Safari/537.36 (compatible; Googlebot/2.1; +http://www.google.com/bot.html)"
66.249.66.77 - - [15/Apr/2026:21:49:46 +0530] "GET /en/products/21807694/ HTTP/1.1" 200 423 "-" "Mozilla/5.0 (Linux; Android 6.0.1; Nexus 5X Build/MMB29P) AppleWebKit/537.36 (KHTML, like Gecko) Chrome/146.0.7680.177 Mobile Safari/537.36 (compatible; Googlebot/2.1; +http://www.google.com/bot.html)"
66.249.66.199 - - [15/Apr/2026:21:50:48 +0530] "GET /index.php?en/products/25189383/ HTTP/1.1" 200 423 "-" "Mozilla/5.0 (Linux; Android 6.0.1; Nexus 5X Build/MMB29P) AppleWebKit/537.36 (KHTML, like Gecko) Chrome/146.0.7680.177 Mobile Safari/537.36 (compatible; Googlebot/2.1; +http://www.google.com/bot.html)"
66.249.66.38 - - [15/Apr/2026:22:02:19 +0530] "GET /en/products/17494683/ HTTP/1.1" 200 423 "-" "Mozilla/5.0 (Linux; Android 6.0.1; Nexus 5X Build/MMB29P) AppleWebKit/537.36 (KHTML, like Gecko) Chrome/146.0.7680.177 Mobile Safari/537.36 (compatible; Googlebot/2.1; +http://www.google.com/bot.html)"
66.249.66.15 - - [15/Apr/2026:22:06:38 +0530] "GET /index.php?en/products/1102127/ HTTP/1.1" 200 423 "-" "Mozilla/5.0 (Linux; Android 6.0.1; Nexus 5X Build/MMB29P) AppleWebKit/537.36 (KHTML, like Gecko) Chrome/146.0.7680.177 Mobile Safari/537.36 (compatible; Googlebot/2.1; +http://www.google.com/bot.html)"
102.88.111.72 - - [15/Apr/2026:22:07:49 +0530] "GET /en/products/24651138/ HTTP/1.1" 200 423 "-" "Mozilla/5.0 (Macintosh; Intel Mac OS X 14.1; rv:126.0) Gecko/20100101 Firefox/126.0"
66.249.66.199 - - [15/Apr/2026:22:07:56 +0530] "GET /en/products/1302349/ HTTP/1.1" 200 423 "-" "Mozilla/5.0 (Linux; Android 6.0.1; Nexus 5X Build/MMB29P) AppleWebKit/537.36 (KHTML, like Gecko) Chrome/146.0.7680.177 Mobile Safari/537.36 (compatible; Googlebot/2.1; +http://www.google.com/bot.html)"
66.249.66.77 - - [15/Apr/2026:22:08:16 +0530] "GET /en/products/11045027/ HTTP/1.1" 200 423 "-" "Mozilla/5.0 (Linux; Android 6.0.1; Nexus 5X Build/MMB29P) AppleWebKit/537.36 (KHTML, like Gecko) Chrome/146.0.7680.177 Mobile Safari/537.36 (compatible; Googlebot/2.1; +http://www.google.com/bot.html)"
66.249.66.77 - - [15/Apr/2026:22:08:16 +0530] "GET /en/products/1565161/ HTTP/1.1" 200 423 "-" "Mozilla/5.0 (Linux; Android 6.0.1; Nexus 5X Build/MMB29P) AppleWebKit/537.36 (KHTML, like Gecko) Chrome/146.0.7680.177 Mobile Safari/537.36 (compatible; Googlebot/2.1; +http://www.google.com/bot.html)"
66.249.66.38 - - [15/Apr/2026:22:08:17 +0530] "GET /en/products/5629450/ HTTP/1.1" 200 423 "-" "Mozilla/5.0 (Linux; Android 6.0.1; Nexus 5X Build/MMB29P) AppleWebKit/537.36 (KHTML, like Gecko) Chrome/146.0.7680.177 Mobile Safari/537.36 (compatible; Googlebot/2.1; +http://www.google.com/bot.html)"
45.227.253.15 - - [15/Apr/2026:22:09:59 +0530] "GET /?of=1 HTTP/1.1" 200 423 "-" "Mozilla/5.0 (Windows NT 10.0; Win64; x64) AppleWebKit/537.36 (KHTML, like Gecko) Chrome/76.0.3800 Safari/537.36 Edg/76.0.140.6"
66.249.66.1 - - [15/Apr/2026:22:10:28 +0530] "GET /index.php?en/products/1452483/ HTTP/1.1" 200 423 "-" "Mozilla/5.0 (Linux; Android 6.0.1; Nexus 5X Build/MMB29P) AppleWebKit/537.36 (KHTML, like Gecko) Chrome/146.0.7680.177 Mobile Safari/537.36 (compatible; Googlebot/2.1; +http://www.google.com/bot.html)"
66.249.66.1 - - [15/Apr/2026:22:10:28 +0530] "GET /index.php?en/products/19135950/ HTTP/1.1" 200 423 "-" "Mozilla/5.0 (Linux; Android 6.0.1; Nexus 5X Build/MMB29P) AppleWebKit/537.36 (KHTML, like Gecko) Chrome/146.0.7680.177 Mobile Safari/537.36 (compatible; Googlebot/2.1; +http://www.google.com/bot.html)"
66.249.66.15 - - [15/Apr/2026:22:10:28 +0530] "GET /index.php?en/products/17816450/ HTTP/1.1" 200 423 "-" "Mozilla/5.0 (Linux; Android 6.0.1; Nexus 5X Build/MMB29P) AppleWebKit/537.36 (KHTML, like Gecko) Chrome/146.0.7680.177 Mobile Safari/537.36 (compatible; Googlebot/2.1; +http://www.google.com/bot.html)"
66.249.66.1 - - [15/Apr/2026:22:11:35 +0530] "GET /index.php?en/products/4251049/ HTTP/1.1" 200 423 "-" "Mozilla/5.0 (Linux; Android 6.0.1; Nexus 5X Build/MMB29P) AppleWebKit/537.36 (KHTML, like Gecko) Chrome/146.0.7680.177 Mobile Safari/537.36 (compatible; Googlebot/2.1; +http://www.google.com/bot.html)"
95.129.101.144 - - [15/Apr/2026:22:11:50 +0530] "GET /en/products/3159172/ HTTP/1.1" 200 423 "-" "Mozilla/5.0 (compatible; SpiderLing; +https://nlp.fi.muni.cz/projects/biwec/)"
66.249.66.78 - - [15/Apr/2026:22:13:13 +0530] "GET /en/products/7316727/ HTTP/1.1" 200 423 "-" "Mozilla/5.0 (Linux; Android 6.0.1; Nexus 5X Build/MMB29P) AppleWebKit/537.36 (KHTML, like Gecko) Chrome/146.0.7680.177 Mobile Safari/537.36 (compatible; Googlebot/2.1; +http://www.google.com/bot.html)"
66.249.66.201 - - [15/Apr/2026:22:13:13 +0530] "GET /en/products/2699961/ HTTP/1.1" 200 423 "-" "Mozilla/5.0 (Linux; Android 6.0.1; Nexus 5X Build/MMB29P) AppleWebKit/537.36 (KHTML, like Gecko) Chrome/146.0.7680.177 Mobile Safari/537.36 (compatible; Googlebot/2.1; +http://www.google.com/bot.html)"
66.249.66.1 - - [15/Apr/2026:22:15:48 +0530] "GET /en/products/11533305/ HTTP/1.1" 200 423 "-" "Mozilla/5.0 (Linux; Android 6.0.1; Nexus 5X Build/MMB29P) AppleWebKit/537.36 (KHTML, like Gecko) Chrome/146.0.7680.177 Mobile Safari/537.36 (compatible; Googlebot/2.1; +http://www.google.com/bot.html)"
66.249.66.1 - - [15/Apr/2026:22:19:14 +0530] "GET /en/products/636783/ HTTP/1.1" 200 423 "-" "Mozilla/5.0 (Linux; Android 6.0.1; Nexus 5X Build/MMB29P) AppleWebKit/537.36 (KHTML, like Gecko) Chrome/146.0.7680.177 Mobile Safari/537.36 (compatible; Googlebot/2.1; +http://www.google.com/bot.html)"
207.46.13.156 - - [15/Apr/2026:22:20:04 +0530] "GET /en/products/14562549/ HTTP/1.1" 200 423 "-" "Mozilla/5.0 AppleWebKit/537.36 (KHTML, like Gecko; compatible; bingbot/2.0; +http://www.bing.com/bingbot.htm) Chrome/116.0.1938.76 Safari/537.36"
66.249.66.165 - - [15/Apr/2026:22:24:20 +0530] "GET /products/12257549/ HTTP/1.1" 200 423 "-" "Mozilla/5.0 (Linux; Android 6.0.1; Nexus 5X Build/MMB29P) AppleWebKit/537.36 (KHTML, like Gecko) Chrome/146.0.7680.177 Mobile Safari/537.36 (compatible; Googlebot/2.1; +http://www.google.com/bot.html)"
66.249.66.1 - - [15/Apr/2026:22:27:17 +0530] "GET /index.php?en/products/23041072/ HTTP/1.1" 200 423 "-" "Mozilla/5.0 (Linux; Android 6.0.1; Nexus 5X Build/MMB29P) AppleWebKit/537.36 (KHTML, like Gecko) Chrome/146.0.7680.177 Mobile Safari/537.36 (compatible; Googlebot/2.1; +http://www.google.com/bot.html)"
223.29.215.74 - - [15/Apr/2026:22:27:43 +0530] "GET /en/products/23440183/ HTTP/1.1" 200 423 "-" "Mozilla/5.0 (Macintosh; Intel Mac OS X 12.1; rv:136.0) Gecko/20100101 Firefox/136.0"
66.249.66.15 - - [15/Apr/2026:22:28:41 +0530] "GET /index.php?en/products/16513038/ HTTP/1.1" 200 423 "-" "Mozilla/5.0 (Linux; Android 6.0.1; Nexus 5X Build/MMB29P) AppleWebKit/537.36 (KHTML, like Gecko) Chrome/146.0.7680.177 Mobile Safari/537.36 (compatible; Googlebot/2.1; +http://www.google.com/bot.html)"
66.249.66.1 - - [15/Apr/2026:22:30:57 +0530] "GET /index.php?en/products/21370305/ HTTP/1.1" 200 423 "-" "Mozilla/5.0 (Linux; Android 6.0.1; Nexus 5X Build/MMB29P) AppleWebKit/537.36 (KHTML, like Gecko) Chrome/146.0.7680.177 Mobile Safari/537.36 (compatible; Googlebot/2.1; +http://www.google.com/bot.html)"
66.249.66.15 - - [15/Apr/2026:22:30:57 +0530] "GET /index.php?en/products/8420883/ HTTP/1.1" 200 423 "-" "Mozilla/5.0 (Linux; Android 6.0.1; Nexus 5X Build/MMB29P) AppleWebKit/537.36 (KHTML, like Gecko) Chrome/146.0.7680.177 Mobile Safari/537.36 (compatible; Googlebot/2.1; +http://www.google.com/bot.html)"
66.249.66.201 - - [15/Apr/2026:22:31:50 +0530] "GET /en/products/21243716/ HTTP/1.1" 200 423 "-" "Mozilla/5.0 (Linux; Android 6.0.1; Nexus 5X Build/MMB29P) AppleWebKit/537.36 (KHTML, like Gecko) Chrome/146.0.7680.177 Mobile Safari/537.36 (compatible; Googlebot/2.1; +http://www.google.com/bot.html)"
66.249.66.165 - - [15/Apr/2026:22:31:51 +0530] "GET /index.php?en/products/16798261/ HTTP/1.1" 200 423 "-" "Mozilla/5.0 (Linux; Android 6.0.1; Nexus 5X Build/MMB29P) AppleWebKit/537.36 (KHTML, like Gecko) Chrome/146.0.7680.177 Mobile Safari/537.36 (compatible; Googlebot/2.1; +http://www.google.com/bot.html)"
66.249.66.37 - - [15/Apr/2026:22:32:45 +0530] "GET /index.php?en/products/6726505/ HTTP/1.1" 200 423 "-" "Mozilla/5.0 (Linux; Android 6.0.1; Nexus 5X Build/MMB29P) AppleWebKit/537.36 (KHTML, like Gecko) Chrome/146.0.7680.177 Mobile Safari/537.36 (compatible; Googlebot/2.1; +http://www.google.com/bot.html)"
66.249.66.163 - - [15/Apr/2026:22:32:46 +0530] "GET /index.php?en/products/21165783/ HTTP/1.1" 200 423 "-" "Mozilla/5.0 (Linux; Android 6.0.1; Nexus 5X Build/MMB29P) AppleWebKit/537.36 (KHTML, like Gecko) Chrome/146.0.7680.177 Mobile Safari/537.36 (compatible; Googlebot/2.1; +http://www.google.com/bot.html)"
66.249.66.64 - - [15/Apr/2026:22:38:40 +0530] "GET /en/products/15944994/ HTTP/1.1" 200 423 "-" "Mozilla/5.0 (Linux; Android 6.0.1; Nexus 5X Build/MMB29P) AppleWebKit/537.36 (KHTML, like Gecko) Chrome/146.0.7680.177 Mobile Safari/537.36 (compatible; Googlebot/2.1; +http://www.google.com/bot.html)"
66.249.66.1 - - [15/Apr/2026:22:41:16 +0530] "GET /en/products/622716/ HTTP/1.1" 200 423 "-" "Mozilla/5.0 (Linux; Android 6.0.1; Nexus 5X Build/MMB29P) AppleWebKit/537.36 (KHTML, like Gecko) Chrome/146.0.7680.177 Mobile Safari/537.36 (compatible; Googlebot/2.1; +http://www.google.com/bot.html)"
102.220.195.172 - - [15/Apr/2026:22:43:15 +0530] "GET /en/products/23284183/ HTTP/1.1" 200 423 "-" "Mozilla/5.0 (Macintosh; Intel Mac OS X 15.1; rv:126.0) Gecko/20100101 Firefox/126.0"
66.249.66.201 - - [15/Apr/2026:22:43:57 +0530] "GET /index.php?en/products/24461550/ HTTP/1.1" 200 423 "-" "Mozilla/5.0 (Linux; Android 6.0.1; Nexus 5X Build/MMB29P) AppleWebKit/537.36 (KHTML, like Gecko) Chrome/146.0.7680.177 Mobile Safari/537.36 (compatible; Googlebot/2.1; +http://www.google.com/bot.html)"
66.249.66.38 - - [15/Apr/2026:22:43:59 +0530] "GET /en/products/18968794/ HTTP/1.1" 200 423 "-" "Mozilla/5.0 (Linux; Android 6.0.1; Nexus 5X Build/MMB29P) AppleWebKit/537.36 (KHTML, like Gecko) Chrome/146.0.7680.177 Mobile Safari/537.36 (compatible; Googlebot/2.1; +http://www.google.com/bot.html)"
66.249.66.64 - - [15/Apr/2026:22:44:22 +0530] "GET /products/16492861/ HTTP/1.1" 200 423 "-" "Mozilla/5.0 (Linux; Android 6.0.1; Nexus 5X Build/MMB29P) AppleWebKit/537.36 (KHTML, like Gecko) Chrome/146.0.7680.177 Mobile Safari/537.36 (compatible; Googlebot/2.1; +http://www.google.com/bot.html)"
66.249.66.77 - - [15/Apr/2026:22:45:30 +0530] "GET /index.php?en/products/1195238/ HTTP/1.1" 200 423 "-" "Mozilla/5.0 (Linux; Android 6.0.1; Nexus 5X Build/MMB29P) AppleWebKit/537.36 (KHTML, like Gecko) Chrome/146.0.7680.177 Mobile Safari/537.36 (compatible; Googlebot/2.1; +http://www.google.com/bot.html)"
66.249.66.14 - - [15/Apr/2026:22:48:18 +0530] "GET /index.php?en/products/4162372/ HTTP/1.1" 200 423 "-" "Mozilla/5.0 (Linux; Android 6.0.1; Nexus 5X Build/MMB29P) AppleWebKit/537.36 (KHTML, like Gecko) Chrome/146.0.7680.177 Mobile Safari/537.36 (compatible; Googlebot/2.1; +http://www.google.com/bot.html)"
66.249.66.165 - - [15/Apr/2026:22:48:18 +0530] "GET /index.php?en/products/16094183/ HTTP/1.1" 200 423 "-" "Mozilla/5.0 (Linux; Android 6.0.1; Nexus 5X Build/MMB29P) AppleWebKit/537.36 (KHTML, like Gecko) Chrome/146.0.7680.177 Mobile Safari/537.36 (compatible; Googlebot/2.1; +http://www.google.com/bot.html)"
66.249.66.163 - - [15/Apr/2026:22:50:00 +0530] "GET /index.php?en/products/4928550/ HTTP/1.1" 200 423 "-" "Mozilla/5.0 (Linux; Android 6.0.1; Nexus 5X Build/MMB29P) AppleWebKit/537.36 (KHTML, like Gecko) Chrome/146.0.7680.177 Mobile Safari/537.36 (compatible; Googlebot/2.1; +http://www.google.com/bot.html)"
45.227.253.15 - - [15/Apr/2026:22:50:10 +0530] "GET /index.php/jk HTTP/1.1" 200 423 "-" "Mozilla/5.0 (Macintosh; Intel Mac OS X 10_15_7) AppleWebKit/537.36 (KHTML, like Gecko) Chrome/86.0.4240.111 Safari/537.36 Edg/86.0.622.51"
66.249.66.39 - - [15/Apr/2026:22:53:22 +0530] "GET /index.php?en/products/9624783/ HTTP/1.1" 200 423 "-" "Mozilla/5.0 (Linux; Android 6.0.1; Nexus 5X Build/MMB29P) AppleWebKit/537.36 (KHTML, like Gecko) Chrome/146.0.7680.177 Mobile Safari/537.36 (compatible; Googlebot/2.1; +http://www.google.com/bot.html)"
66.249.66.38 - - [15/Apr/2026:22:53:23 +0530] "GET /en/products/2283949/ HTTP/1.1" 200 423 "-" "Mozilla/5.0 (Linux; Android 6.0.1; Nexus 5X Build/MMB29P) AppleWebKit/537.36 (KHTML, like Gecko) Chrome/146.0.7680.177 Mobile Safari/537.36 (compatible; Googlebot/2.1; +http://www.google.com/bot.html)"
103.108.58.16 - - [15/Apr/2026:22:53:26 +0530] "GET /favicon.ico HTTP/1.1" 200 423 "-" "FaviconHash-API/1.0"
103.108.58.16 - - [15/Apr/2026:22:53:26 +0530] "GET / HTTP/1.1" 200 423 "-" "FaviconHash-API/1.0"
66.249.66.39 - - [15/Apr/2026:22:56:32 +0530] "GET /en/products/15067027/ HTTP/1.1" 200 423 "-" "Mozilla/5.0 (Linux; Android 6.0.1; Nexus 5X Build/MMB29P) AppleWebKit/537.36 (KHTML, like Gecko) Chrome/146.0.7680.177 Mobile Safari/537.36 (compatible; Googlebot/2.1; +http://www.google.com/bot.html)"
95.129.101.144 - - [15/Apr/2026:22:57:56 +0530] "GET /en/products/3161127/ HTTP/1.1" 200 423 "-" "Mozilla/5.0 (compatible; SpiderLing; +https://nlp.fi.muni.cz/projects/biwec/)"
66.249.66.77 - - [15/Apr/2026:22:57:57 +0530] "GET /index.php?en/products/7479949/ HTTP/1.1" 200 423 "-" "Mozilla/5.0 (Linux; Android 6.0.1; Nexus 5X Build/MMB29P) AppleWebKit/537.36 (KHTML, like Gecko) Chrome/146.0.7680.177 Mobile Safari/537.36 (compatible; Googlebot/2.1; +http://www.google.com/bot.html)"
66.249.66.1 - - [15/Apr/2026:22:58:00 +0530] "GET /en/products/13480827/ HTTP/1.1" 200 423 "-" "Mozilla/5.0 (Linux; Android 6.0.1; Nexus 5X Build/MMB29P) AppleWebKit/537.36 (KHTML, like Gecko) Chrome/146.0.7680.177 Mobile Safari/537.36 (compatible; Googlebot/2.1; +http://www.google.com/bot.html)"
66.249.66.14 - - [15/Apr/2026:23:02:44 +0530] "GET /index.php?en/products/1065883/ HTTP/1.1" 200 423 "-" "Mozilla/5.0 (Linux; Android 6.0.1; Nexus 5X Build/MMB29P) AppleWebKit/537.36 (KHTML, like Gecko) Chrome/146.0.7680.177 Mobile Safari/537.36 (compatible; Googlebot/2.1; +http://www.google.com/bot.html)"
66.249.66.37 - - [15/Apr/2026:23:02:44 +0530] "GET /en/products/3174638/ HTTP/1.1" 200 423 "-" "Mozilla/5.0 (Linux; Android 6.0.1; Nexus 5X Build/MMB29P) AppleWebKit/537.36 (KHTML, like Gecko) Chrome/146.0.7680.177 Mobile Safari/537.36 (compatible; Googlebot/2.1; +http://www.google.com/bot.html)"
66.249.66.164 - - [15/Apr/2026:23:02:54 +0530] "GET /en/products/13388316/ HTTP/1.1" 200 423 "-" "Mozilla/5.0 (Linux; Android 6.0.1; Nexus 5X Build/MMB29P) AppleWebKit/537.36 (KHTML, like Gecko) Chrome/146.0.7680.177 Mobile Safari/537.36 (compatible; Googlebot/2.1; +http://www.google.com/bot.html)"
66.249.66.64 - - [15/Apr/2026:23:04:15 +0530] "GET /index.php?en/products/20698349/ HTTP/1.1" 200 423 "-" "Mozilla/5.0 (Linux; Android 6.0.1; Nexus 5X Build/MMB29P) AppleWebKit/537.36 (KHTML, like Gecko) Chrome/146.0.7680.177 Mobile Safari/537.36 (compatible; Googlebot/2.1; +http://www.google.com/bot.html)"
66.249.66.164 - - [15/Apr/2026:23:05:48 +0530] "GET /index.php?en/products/1875383/ HTTP/1.1" 200 423 "-" "Mozilla/5.0 (Linux; Android 6.0.1; Nexus 5X Build/MMB29P) AppleWebKit/537.36 (KHTML, like Gecko) Chrome/146.0.7680.177 Mobile Safari/537.36 (compatible; Googlebot/2.1; +http://www.google.com/bot.html)"
66.249.66.14 - - [15/Apr/2026:23:06:43 +0530] "GET /index.php?en/products/5822916/ HTTP/1.1" 200 423 "-" "Mozilla/5.0 (Linux; Android 6.0.1; Nexus 5X Build/MMB29P) AppleWebKit/537.36 (KHTML, like Gecko) Chrome/146.0.7680.177 Mobile Safari/537.36 (compatible; Googlebot/2.1; +http://www.google.com/bot.html)"
66.249.66.38 - - [15/Apr/2026:23:06:44 +0530] "GET /en/products/14211838/ HTTP/1.1" 200 423 "-" "Mozilla/5.0 (Linux; Android 6.0.1; Nexus 5X Build/MMB29P) AppleWebKit/537.36 (KHTML, like Gecko) Chrome/146.0.7680.177 Mobile Safari/537.36 (compatible; Googlebot/2.1; +http://www.google.com/bot.html)"
216.73.216.145 - - [15/Apr/2026:23:07:14 +0530] "GET /robots.txt HTTP/1.1" 200 332 "-" "Mozilla/5.0 AppleWebKit/537.36 (KHTML, like Gecko; compatible; ClaudeBot/1.0; +claudebot@anthropic.com)"
216.73.216.145 - - [15/Apr/2026:23:07:15 +0530] "GET / HTTP/1.1" 200 423 "-" "Mozilla/5.0 AppleWebKit/537.36 (KHTML, like Gecko; compatible; ClaudeBot/1.0; +claudebot@anthropic.com)"
66.249.66.164 - - [15/Apr/2026:23:09:11 +0530] "GET /en/products/24368883/ HTTP/1.1" 200 423 "-" "Mozilla/5.0 (Linux; Android 6.0.1; Nexus 5X Build/MMB29P) AppleWebKit/537.36 (KHTML, like Gecko) Chrome/146.0.7680.177 Mobile Safari/537.36 (compatible; Googlebot/2.1; +http://www.google.com/bot.html)"
72.146.43.163 - - [15/Apr/2026:23:16:31 +0530] "GET /wp-content/plugins/hellopress/wp_filemanager.php HTTP/1.1" 200 423 "-" "-"
72.146.43.163 - - [15/Apr/2026:23:16:32 +0530] "GET /wp-widgets.php HTTP/1.1" 200 423 "-" "-"
72.146.43.163 - - [15/Apr/2026:23:16:32 +0530] "GET /option.php HTTP/1.1" 200 423 "-" "-"
72.146.43.163 - - [15/Apr/2026:23:16:33 +0530] "GET /ss.php HTTP/1.1" 200 423 "-" "-"
72.146.43.163 - - [15/Apr/2026:23:16:33 +0530] "GET /wp-content/languages/about.php HTTP/1.1" 200 423 "-" "-"
72.146.43.163 - - [15/Apr/2026:23:16:33 +0530] "GET /HhJj1KbY8mQ.php HTTP/1.1" 200 423 "-" "-"
72.146.43.163 - - [15/Apr/2026:23:16:34 +0530] "GET /main.php HTTP/1.1" 200 423 "-" "-"
113.173.123.120 - - [15/Apr/2026:23:24:40 +0530] "GET / HTTP/1.1" 200 423 "-" "Mozilla/5.0 (Windows NT 10.0; Win64; x64) AppleWebKit/537.36 (KHTML, like Gecko) Chrome/132.0.6834.83 Safari/537.36"
66.249.66.38 - - [15/Apr/2026:23:28:41 +0530] "GET /en/products/4686649/ HTTP/1.1" 200 423 "-" "Mozilla/5.0 (Linux; Android 6.0.1; Nexus 5X Build/MMB29P) AppleWebKit/537.36 (KHTML, like Gecko) Chrome/146.0.7680.177 Mobile Safari/537.36 (compatible; Googlebot/2.1; +http://www.google.com/bot.html)"
66.249.66.39 - - [15/Apr/2026:23:28:43 +0530] "GET /products/18226227/ HTTP/1.1" 200 423 "-" "Mozilla/5.0 (Linux; Android 6.0.1; Nexus 5X Build/MMB29P) AppleWebKit/537.36 (KHTML, like Gecko) Chrome/146.0.7680.177 Mobile Safari/537.36 (compatible; Googlebot/2.1; +http://www.google.com/bot.html)"
66.249.66.164 - - [15/Apr/2026:23:28:43 +0530] "GET /index.php?en/products/10629772/ HTTP/1.1" 200 423 "-" "Mozilla/5.0 (Linux; Android 6.0.1; Nexus 5X Build/MMB29P) AppleWebKit/537.36 (KHTML, like Gecko) Chrome/146.0.7680.177 Mobile Safari/537.36 (compatible; Googlebot/2.1; +http://www.google.com/bot.html)"
66.249.66.45 - - [15/Apr/2026:23:28:44 +0530] "GET /en/products/3447149/ HTTP/1.1" 200 423 "-" "Mozilla/5.0 (Linux; Android 6.0.1; Nexus 5X Build/MMB29P) AppleWebKit/537.36 (KHTML, like Gecko) Chrome/146.0.7680.177 Mobile Safari/537.36 (compatible; Googlebot/2.1; +http://www.google.com/bot.html)"
143.244.151.127 - - [15/Apr/2026:23:30:14 +0530] "GET /.env HTTP/1.1" 200 423 "-" "Mozilla/5.0 (Macintosh; Intel Mac OS X 10_15_7) AppleWebKit/605.1.15 (KHTML, like Gecko) Version/18.4 Safari/605.1.15"
66.249.66.164 - - [15/Apr/2026:23:30:46 +0530] "GET /en/products/4112494/ HTTP/1.1" 200 423 "-" "Mozilla/5.0 (Linux; Android 6.0.1; Nexus 5X Build/MMB29P) AppleWebKit/537.36 (KHTML, like Gecko) Chrome/146.0.7680.177 Mobile Safari/537.36 (compatible; Googlebot/2.1; +http://www.google.com/bot.html)"
66.249.66.165 - - [15/Apr/2026:23:30:47 +0530] "GET /index.php?en/products/20066705/ HTTP/1.1" 200 423 "-" "Mozilla/5.0 (Linux; Android 6.0.1; Nexus 5X Build/MMB29P) AppleWebKit/537.36 (KHTML, like Gecko) Chrome/146.0.7680.177 Mobile Safari/537.36 (compatible; Googlebot/2.1; +http://www.google.com/bot.html)"
66.249.66.15 - - [15/Apr/2026:23:30:48 +0530] "GET /en/products/24368883/ HTTP/1.1" 200 423 "-" "Mozilla/5.0 (Linux; Android 6.0.1; Nexus 5X Build/MMB29P) AppleWebKit/537.36 (KHTML, like Gecko) Chrome/146.0.7680.177 Mobile Safari/537.36 (compatible; Googlebot/2.1; +http://www.google.com/bot.html)"
66.249.66.38 - - [15/Apr/2026:23:30:48 +0530] "GET /en/products/14211838/ HTTP/1.1" 200 423 "-" "Mozilla/5.0 (Linux; Android 6.0.1; Nexus 5X Build/MMB29P) AppleWebKit/537.36 (KHTML, like Gecko) Chrome/146.0.7680.177 Mobile Safari/537.36 (compatible; Googlebot/2.1; +http://www.google.com/bot.html)"
66.249.66.14 - - [15/Apr/2026:23:30:48 +0530] "GET /en/products/6003816/ HTTP/1.1" 200 423 "-" "Mozilla/5.0 (Linux; Android 6.0.1; Nexus 5X Build/MMB29P) AppleWebKit/537.36 (KHTML, like Gecko) Chrome/146.0.7680.177 Mobile Safari/537.36 (compatible; Googlebot/2.1; +http://www.google.com/bot.html)"
66.249.66.1 - - [15/Apr/2026:23:30:48 +0530] "GET /index.php?en/products/20698349/ HTTP/1.1" 200 423 "-" "Mozilla/5.0 (Linux; Android 6.0.1; Nexus 5X Build/MMB29P) AppleWebKit/537.36 (KHTML, like Gecko) Chrome/146.0.7680.177 Mobile Safari/537.36 (compatible; Googlebot/2.1; +http://www.google.com/bot.html)"
66.249.66.77 - - [15/Apr/2026:23:32:33 +0530] "GET /en/products/3464327/ HTTP/1.1" 200 423 "-" "Mozilla/5.0 (Linux; Android 6.0.1; Nexus 5X Build/MMB29P) AppleWebKit/537.36 (KHTML, like Gecko) Chrome/146.0.7680.177 Mobile Safari/537.36 (compatible; Googlebot/2.1; +http://www.google.com/bot.html)"
66.249.66.164 - - [15/Apr/2026:23:32:35 +0530] "GET /index.php?en/products/12070250/ HTTP/1.1" 200 423 "-" "Mozilla/5.0 (Linux; Android 6.0.1; Nexus 5X Build/MMB29P) AppleWebKit/537.36 (KHTML, like Gecko) Chrome/146.0.7680.177 Mobile Safari/537.36 (compatible; Googlebot/2.1; +http://www.google.com/bot.html)"
216.73.216.145 - - [15/Apr/2026:23:33:01 +0530] "GET /buy.php HTTP/1.1" 200 - "-" "Mozilla/5.0 AppleWebKit/537.36 (KHTML, like Gecko; compatible; ClaudeBot/1.0; +claudebot@anthropic.com)"
216.73.216.145 - - [15/Apr/2026:23:33:10 +0530] "GET / HTTP/1.1" 200 423 "-" "Mozilla/5.0 AppleWebKit/537.36 (KHTML, like Gecko; compatible; ClaudeBot/1.0; +claudebot@anthropic.com)"
66.249.66.200 - - [15/Apr/2026:23:33:26 +0530] "GET /en/products/8906772/ HTTP/1.1" 200 423 "-" "Mozilla/5.0 (Linux; Android 6.0.1; Nexus 5X Build/MMB29P) AppleWebKit/537.36 (KHTML, like Gecko) Chrome/146.0.7680.177 Mobile Safari/537.36 (compatible; Googlebot/2.1; +http://www.google.com/bot.html)"
47.82.11.58 - - [15/Apr/2026:23:41:51 +0530] "GET /index.php?en/products/15432994/ HTTP/1.1" 200 423 "https://itsweb.in/" "Mozilla/5.0 (Windows NT 10.0; Win64; x64) AppleWebKit/537.36 (KHTML, like Gecko) Chrome/135.0.0.0 Safari/537.36 Edg/135.0.0.0"
62.141.44.236 - - [15/Apr/2026:23:46:30 +0530] "GET / HTTP/1.1" 200 423 "-" "Mozilla/5.0 (Windows NT 10.0; Win64; x64) AppleWebKit/537.36 (KHTML, like Gecko) Chrome/91.0.4472.114 Safari/537.36 Edg/91.0.864.54"
66.249.66.77 - - [15/Apr/2026:23:47:28 +0530] "GET /index.php?en/products/9091172/ HTTP/1.1" 200 423 "-" "Mozilla/5.0 (Linux; Android 6.0.1; Nexus 5X Build/MMB29P) AppleWebKit/537.36 (KHTML, like Gecko) Chrome/146.0.7680.177 Mobile Safari/537.36 (compatible; Googlebot/2.1; +http://www.google.com/bot.html)"
66.249.66.199 - - [15/Apr/2026:23:47:28 +0530] "GET /products/8986761/ HTTP/1.1" 200 423 "-" "Mozilla/5.0 (Linux; Android 6.0.1; Nexus 5X Build/MMB29P) AppleWebKit/537.36 (KHTML, like Gecko) Chrome/146.0.7680.177 Mobile Safari/537.36 (compatible; Googlebot/2.1; +http://www.google.com/bot.html)"
66.249.66.200 - - [15/Apr/2026:23:47:29 +0530] "GET /en/products/24107827/ HTTP/1.1" 200 423 "-" "Mozilla/5.0 (Linux; Android 6.0.1; Nexus 5X Build/MMB29P) AppleWebKit/537.36 (KHTML, like Gecko) Chrome/146.0.7680.177 Mobile Safari/537.36 (compatible; Googlebot/2.1; +http://www.google.com/bot.html)"
95.129.101.144 - - [15/Apr/2026:23:48:12 +0530] "GET /en/products/3163072/ HTTP/1.1" 200 423 "-" "Mozilla/5.0 (compatible; SpiderLing; +https://nlp.fi.muni.cz/projects/biwec/)"
66.249.66.38 - - [15/Apr/2026:23:49:34 +0530] "GET /en/products/15967672/ HTTP/1.1" 200 423 "-" "Mozilla/5.0 (Linux; Android 6.0.1; Nexus 5X Build/MMB29P) AppleWebKit/537.36 (KHTML, like Gecko) Chrome/146.0.7680.177 Mobile Safari/537.36 (compatible; Googlebot/2.1; +http://www.google.com/bot.html)"
52.22.0.11 - - [15/Apr/2026:23:52:27 +0530] "HEAD /index.php HTTP/1.1" 200 - "-" "Mozilla/5.0 (X11; Linux x86_64) AppleWebKit/537.36 (KHTML, like Gecko) Chrome/120.0.0.0 Safari/537.36"
66.249.66.164 - - [15/Apr/2026:23:53:13 +0530] "GET /index.php?en/products/8672583/ HTTP/1.1" 200 423 "-" "Mozilla/5.0 (Linux; Android 6.0.1; Nexus 5X Build/MMB29P) AppleWebKit/537.36 (KHTML, like Gecko) Chrome/146.0.7680.177 Mobile Safari/537.36 (compatible; Googlebot/2.1; +http://www.google.com/bot.html)"
66.249.66.38 - - [15/Apr/2026:23:54:15 +0530] "GET /index.php?en/products/4558205/ HTTP/1.1" 200 423 "-" "Mozilla/5.0 (Linux; Android 6.0.1; Nexus 5X Build/MMB29P) AppleWebKit/537.36 (KHTML, like Gecko) Chrome/146.0.7680.177 Mobile Safari/537.36 (compatible; Googlebot/2.1; +http://www.google.com/bot.html)"
66.249.66.164 - - [16/Apr/2026:00:02:56 +0530] "GET /index.php?en/products/13880938/ HTTP/1.1" 200 423 "-" "Mozilla/5.0 (Linux; Android 6.0.1; Nexus 5X Build/MMB29P) AppleWebKit/537.36 (KHTML, like Gecko) Chrome/146.0.7680.177 Mobile Safari/537.36 (compatible; Googlebot/2.1; +http://www.google.com/bot.html)"
66.249.66.78 - - [16/Apr/2026:00:07:13 +0530] "GET /index.php?en/products/9126361/ HTTP/1.1" 200 423 "-" "Mozilla/5.0 (Linux; Android 6.0.1; Nexus 5X Build/MMB29P) AppleWebKit/537.36 (KHTML, like Gecko) Chrome/146.0.7680.177 Mobile Safari/537.36 (compatible; Googlebot/2.1; +http://www.google.com/bot.html)"
66.249.66.165 - - [16/Apr/2026:00:09:21 +0530] "GET /en/products/9913083/ HTTP/1.1" 200 423 "-" "Mozilla/5.0 (Linux; Android 6.0.1; Nexus 5X Build/MMB29P) AppleWebKit/537.36 (KHTML, like Gecko) Chrome/146.0.7680.177 Mobile Safari/537.36 (compatible; Googlebot/2.1; +http://www.google.com/bot.html)"
66.249.66.165 - - [16/Apr/2026:00:10:22 +0530] "GET /en/products/9296583/ HTTP/1.1" 200 423 "-" "Mozilla/5.0 (Linux; Android 6.0.1; Nexus 5X Build/MMB29P) AppleWebKit/537.36 (KHTML, like Gecko) Chrome/146.0.7680.177 Mobile Safari/537.36 (compatible; Googlebot/2.1; +http://www.google.com/bot.html)"
14.191.173.241 - - [16/Apr/2026:00:12:19 +0530] "GET /en/products/23368038/ HTTP/1.1" 200 423 "-" "Mozilla/5.0 (Macintosh; Intel Mac OS X 14_3_1) AppleWebKit/537.36 (KHTML, like Gecko) Chrome/131.0.6778.204 Safari/537.36"
216.73.216.145 - - [16/Apr/2026:00:14:15 +0530] "GET /robots.txt HTTP/1.1" 200 332 "-" "Mozilla/5.0 AppleWebKit/537.36 (KHTML, like Gecko; compatible; ClaudeBot/1.0; +claudebot@anthropic.com)"
216.73.216.145 - - [16/Apr/2026:00:14:15 +0530] "GET / HTTP/1.1" 200 423 "-" "Mozilla/5.0 AppleWebKit/537.36 (KHTML, like Gecko; compatible; ClaudeBot/1.0; +claudebot@anthropic.com)"
66.249.66.200 - - [16/Apr/2026:00:16:26 +0530] "GET /index.php?en/products/15947672/ HTTP/1.1" 200 423 "-" "Mozilla/5.0 (Linux; Android 6.0.1; Nexus 5X Build/MMB29P) AppleWebKit/537.36 (KHTML, like Gecko) Chrome/146.0.7680.177 Mobile Safari/537.36 (compatible; Googlebot/2.1; +http://www.google.com/bot.html)"
95.129.101.144 - - [16/Apr/2026:00:20:21 +0530] "GET /en/products/3165027/ HTTP/1.1" 200 423 "-" "Mozilla/5.0 (compatible; SpiderLing; +https://nlp.fi.muni.cz/projects/biwec/)"
66.249.66.77 - - [16/Apr/2026:00:21:30 +0530] "GET /index.php?en/products/5822916/ HTTP/1.1" 200 423 "-" "Mozilla/5.0 (Linux; Android 6.0.1; Nexus 5X Build/MMB29P) AppleWebKit/537.36 (KHTML, like Gecko) Chrome/146.0.7680.177 Mobile Safari/537.36 (compatible; Googlebot/2.1; +http://www.google.com/bot.html)"
66.249.66.163 - - [16/Apr/2026:00:26:31 +0530] "GET /en/products/8545361/ HTTP/1.1" 200 423 "-" "Mozilla/5.0 (Linux; Android 6.0.1; Nexus 5X Build/MMB29P) AppleWebKit/537.36 (KHTML, like Gecko) Chrome/146.0.7680.177 Mobile Safari/537.36 (compatible; Googlebot/2.1; +http://www.google.com/bot.html)"
66.249.66.199 - - [16/Apr/2026:00:27:34 +0530] "GET /en/products/23550005/ HTTP/1.1" 200 423 "-" "Mozilla/5.0 (Linux; Android 6.0.1; Nexus 5X Build/MMB29P) AppleWebKit/537.36 (KHTML, like Gecko) Chrome/146.0.7680.177 Mobile Safari/537.36 (compatible; Googlebot/2.1; +http://www.google.com/bot.html)"
66.249.66.164 - - [16/Apr/2026:00:31:42 +0530] "GET /en/products/7038716/ HTTP/1.1" 200 423 "-" "Mozilla/5.0 (Linux; Android 6.0.1; Nexus 5X Build/MMB29P) AppleWebKit/537.36 (KHTML, like Gecko) Chrome/146.0.7680.177 Mobile Safari/537.36 (compatible; Googlebot/2.1; +http://www.google.com/bot.html)"
122.173.33.3 - - [16/Apr/2026:00:33:37 +0530] "GET /en/products/23373883/ HTTP/1.1" 200 423 "-" "Mozilla/5.0 (Macintosh; Intel Mac OS X 11.6; rv:129.0) Gecko/20100101 Firefox/129.0"
66.249.66.39 - - [16/Apr/2026:00:33:44 +0530] "GET /index.php?en/products/16791005/ HTTP/1.1" 200 423 "-" "Mozilla/5.0 (Linux; Android 6.0.1; Nexus 5X Build/MMB29P) AppleWebKit/537.36 (KHTML, like Gecko) Chrome/146.0.7680.177 Mobile Safari/537.36 (compatible; Googlebot/2.1; +http://www.google.com/bot.html)"
66.249.66.38 - - [16/Apr/2026:00:33:45 +0530] "GET /index.php?en/products/20346138/ HTTP/1.1" 200 423 "-" "Mozilla/5.0 (Linux; Android 6.0.1; Nexus 5X Build/MMB29P) AppleWebKit/537.36 (KHTML, like Gecko) Chrome/146.0.7680.177 Mobile Safari/537.36 (compatible; Googlebot/2.1; +http://www.google.com/bot.html)"
66.249.66.199 - - [16/Apr/2026:00:36:04 +0530] "GET /index.php?en/products/5307761/ HTTP/1.1" 200 423 "-" "Mozilla/5.0 (Linux; Android 6.0.1; Nexus 5X Build/MMB29P) AppleWebKit/537.36 (KHTML, like Gecko) Chrome/146.0.7680.177 Mobile Safari/537.36 (compatible; Googlebot/2.1; +http://www.google.com/bot.html)"
104.207.45.7 - - [16/Apr/2026:00:36:42 +0530] "POST /shop/wp-content/plugins/wp-programs-problems/index.php HTTP/1.1" 200 46 "https://itsweb.in" "Mozilla/5.0 (Windows NT 6.1; WOW64) AppleWebKit/537.36 (KHTML, like Gecko) Chrome/68.0.2616.168 Safari/537.36"
40.77.167.41 - - [16/Apr/2026:00:42:24 +0530] "GET /shop/pg/1AgreementInfo HTTP/1.1" 200 423 "-" "Mozilla/5.0 AppleWebKit/537.36 (KHTML, like Gecko; compatible; bingbot/2.0; +http://www.bing.com/bingbot.htm) Chrome/116.0.1938.76 Safari/537.36"
66.249.66.15 - - [16/Apr/2026:00:43:43 +0530] "GET /index.php?en/products/19572505/ HTTP/1.1" 200 423 "-" "Mozilla/5.0 (Linux; Android 6.0.1; Nexus 5X Build/MMB29P) AppleWebKit/537.36 (KHTML, like Gecko) Chrome/146.0.7680.177 Mobile Safari/537.36 (compatible; Googlebot/2.1; +http://www.google.com/bot.html)"
66.249.66.199 - - [16/Apr/2026:00:43:43 +0530] "GET /products/16028094/ HTTP/1.1" 200 423 "-" "Mozilla/5.0 (Linux; Android 6.0.1; Nexus 5X Build/MMB29P) AppleWebKit/537.36 (KHTML, like Gecko) Chrome/146.0.7680.177 Mobile Safari/537.36 (compatible; Googlebot/2.1; +http://www.google.com/bot.html)"
